4033
List the prime factors of 11642202.
2, 3, 11, 13, 4523
What are the prime factors of 1721365?
5, 344273
What are the prime factors of 36298?
2, 18149
List the prime factors of 11785.
5, 2357
List the prime factors of 1881063.
3, 7741
What are the prime factors of 838562?
2, 419281
What are the prime factors of 1304941?
11, 97, 1223
List the prime factors of 256981.
256981
List the prime factors of 2552919.
3, 850973
What are the prime factors of 4500057?
3, 1500019
List the prime factors of 6225460.
2, 5, 97, 3209
List the prime factors of 1063674.
2, 3, 59093
What are the prime factors of 565553?
565553
List the prime factors of 1366567.
29, 47123
What are the prime factors of 3703782?
2, 3, 23, 26839
What are the prime factors of 4230514?
2, 67, 131, 241
What are the prime factors of 1946382?
2, 3, 324397
What are the prime factors of 942212?
2, 235553
List the prime factors of 1849832.
2, 31, 7459
List the prime factors of 7772892.
2, 3, 647741
What are the prime factors of 415181?
13, 109, 293
List the prime factors of 85648.
2, 53, 101
List the prime factors of 117116.
2, 19, 23, 67
What are the prime factors of 154151?
139, 1109
List the prime factors of 114947.
7, 16421
List the prime factors of 5707528.
2, 41, 17401
List the prime factors of 758757.
3, 252919
What are the prime factors of 1082683?
7, 154669
What are the prime factors of 2154370?
2, 5, 97, 2221
What are the prime factors of 6074119?
6074119
What are the prime factors of 3342296?
2, 31, 13477
What are the prime factors of 931725?
3, 5, 41, 101
What are the prime factors of 209075?
5, 8363
What are the prime factors of 4086200?
2, 5, 20431
List the prime factors of 851181.
3, 19, 109, 137
What are the prime factors of 2511975?
3, 5, 33493
List the prime factors of 11018466.
2, 3, 612137
What are the prime factors of 1612111?
1612111
List the prime factors of 565889.
565889
What are the prime factors of 91160?
2, 5, 43, 53
List the prime factors of 144945.
3, 5, 3221
List the prime factors of 374570.
2, 5, 7, 5351
What are the prime factors of 14419029?
3, 569, 8447
What are the prime factors of 4147501?
67, 103, 601
List the prime factors of 155110.
2, 5, 15511
What are the prime factors of 8714795?
5, 17, 37, 163
List the prime factors of 3626963.
1579, 2297
What are the prime factors of 7177673?
7177673
What are the prime factors of 6742447?
229, 29443
List the prime factors of 1265341.
7, 11, 16433
List the prime factors of 1124009.
59, 19051
What are the prime factors of 5415180?
2, 3, 5, 17, 5309
List the prime factors of 127541.
127541
List the prime factors of 22198384.
2, 13, 19, 41, 137
What are the prime factors of 17771?
13, 1367
What are the prime factors of 39520?
2, 5, 13, 19
What are the prime factors of 7660037?
7, 11, 53, 1877
What are the prime factors of 230717?
19, 12143
What are the prime factors of 1267588?
2, 7, 17, 2663
What are the prime factors of 4277057?
23, 185959
List the prime factors of 2447246.
2, 23, 53201
What are the prime factors of 16628589?
3, 887, 2083
What are the prime factors of 994488?
2, 3, 11, 3767
What are the prime factors of 1819136?
2, 11, 17, 19
What are the prime factors of 2221529?
89, 109, 229
List the prime factors of 1509838.
2, 11, 17, 367
List the prime factors of 2788874.
2, 11, 109, 1163
What are the prime factors of 494840?
2, 5, 89, 139
What are the prime factors of 37187241?
3, 7, 13, 136217
List the prime factors of 383711.
353, 1087
What are the prime factors of 624191?
624191
What are the prime factors of 192690?
2, 3, 5, 2141
What are the prime factors of 16983457?
223, 76159
List the prime factors of 39006373.
7, 19, 313, 937
What are the prime factors of 8742770?
2, 5, 874277
List the prime factors of 142466.
2, 71233
What are the prime factors of 5706340?
2, 5, 285317
What are the prime factors of 6462240?
2, 3, 5, 13463
List the prime factors of 4187450.
2, 5, 89, 941
What are the prime factors of 124356?
2, 3, 43, 241
What are the prime factors of 19778?
2, 11, 29, 31
List the prime factors of 1202149.
13, 19, 31, 157
List the prime factors of 12581246.
2, 53, 118691
What are the prime factors of 1841107?
1841107
List the prime factors of 2504211.
3, 31, 26927
List the prime factors of 897635.
5, 179527
What are the prime factors of 4419242?
2, 229, 9649
What are the prime factors of 14207261?
23, 617707
List the prime factors of 1152414.
2, 3, 21341
List the prime factors of 603753.
3, 201251
List the prime factors of 12633806.
2, 727, 8689
What are the prime factors of 1966821?
3, 257, 2551
List the prime factors of 202789.
149, 1361
What are the prime factors of 2699019?
3, 299891
List the prime factors of 3947861.
3947861
What are the prime factors of 5184798?
2, 3, 23, 37571
List the prime factors of 217554.
2, 3, 101, 359
What are the prime factors of 1633804?
2, 239, 1709
List the prime factors of 8403298.
2, 4201649
What are the prime factors of 1210810?
2, 5, 121081
List the prime factors of 289011.
3, 96337
List the prime factors of 1180584.
2, 3, 19, 863
What are the prime factors of 1314230?
2, 5, 19, 6917
List the prime factors of 1247025.
3, 5, 13, 1279
List the prime factors of 36308.
2, 29, 313
List the prime factors of 1235947.
1235947
What are the prime factors of 24339019?
17, 19, 75353
What are the prime factors of 7081134?
2, 3, 37, 167, 191
List the prime factors of 540830.
2, 5, 54083
What are the prime factors of 207581?
11, 113, 167
What are the prime factors of 1777486?
2, 17, 23, 2273
What are the prime factors of 3300341?
11, 197, 1523
What are the prime factors of 193987?
17, 11411
List the prime factors of 52932.
2, 3, 11, 401
List the prime factors of 68935.
5, 17, 811
What are the prime factors of 966646?
2, 483323
List the prime factors of 22351485.
3, 5, 13, 83, 1381
List the prime factors of 187175.
5, 7487
What are the prime factors of 192260?
2, 5, 9613
List the prime factors of 11135624.
2, 43, 32371
List the prime factors of 27007059.
3, 2207, 4079
List the prime factors of 1433483.
41, 34963
List the prime factors of 725895.
3, 5, 19, 283
What are the prime factors of 186713?
19, 31, 317
List the prime factors of 2977469.
11, 270679
List the prime factors of 1667114.
2, 833557
List the prime factors of 1039165.
5, 207833
List the prime factors of 588483.
3, 7, 9341
List the prime factors of 6861748.
2, 29, 149, 397
What are the prime factors of 163400?
2, 5, 19, 43
What are the prime factors of 11014789?
37, 349, 853
List the prime factors of 204766.
2, 43, 2381
List the prime factors of 16929586.
2, 17, 497929
What are the prime factors of 79269?
3, 26423
What are the prime factors of 4832537?
4832537
List the prime factors of 2972886.
2, 3, 7, 70783
List the prime factors of 5451592.
2, 681449
List the prime factors of 105088.
2, 821
What are the prime factors of 14521605?
3, 5, 7, 19, 29, 251
What are the prime factors of 1118293?
11, 101663
What are the prime factors of 1732647?
3, 7, 82507
What are the prime factors of 6872567?
13, 528659
What are the prime factors of 45399?
3, 37, 409
List the prime factors of 46406.
2, 23203
What are the prime factors of 41946?
2, 3, 6991
What are the prime factors of 6863533?
73, 167, 563
What are the prime factors of 551210?
2, 5, 11, 5011
List the prime factors of 392279.
392279
List the prime factors of 121813.
181, 673
What are the prime factors of 146812?
2, 17, 127
What are the prime factors of 7062855?
3, 5, 479, 983
What are the prime factors of 2444492?
2, 239, 2557
List the prime factors of 33212297.
43, 772379
What are the prime factors of 2257610?
2, 5, 61, 3701
List the prime factors of 455826.
2, 3, 7, 10853
What are the prime factors of 1344284?
2, 31, 37, 293
List the prime factors of 704287.
704287
What are the prime factors of 567715?
5, 17, 6679
What are the prime factors of 14970424?
2, 7, 23, 59, 197
What are the prime factors of 274664?
2, 13, 19, 139
What are the prime factors of 2714494?
2, 307, 4421
What are the prime factors of 15580014?
2, 3, 2596669
What are the prime factors of 76378?
2, 38189
What are the prime factors of 12153661?
13, 934897
List the prime factors of 1118329.
23, 48623
List the prime factors of 123290.
2, 5, 12329
What are the prime factors of 562298?
2, 11, 61, 4